5 and 1085?
1085
Calculate the highest common factor of 25320 and 255.
15
What is the highest common factor of 66 and 259776?
66
Calculate the highest common factor of 424994 and 851.
23
Calculate the highest common divisor of 2362898 and 68.
34
What is the highest common divisor of 560 and 1571080?
280
What is the highest common divisor of 299092 and 23?
23
What is the greatest common divisor of 342 and 85500?
342
What is the highest common divisor of 27848 and 3186?
118
Calculate the greatest common divisor of 1673273 and 1641.
547
Calculate the highest common factor of 605 and 162349.
11
Calculate the greatest common divisor of 201013 and 59.
59
Calculate the highest common divisor of 353 and 768128.
353
Calculate the highest common factor of 3681 and 6953.
409
What is the greatest common factor of 135 and 57735?
45
What is the greatest common factor of 473 and 8323381?
473
Calculate the greatest common factor of 70073 and 39028.
887
Calculate the greatest common divisor of 552 and 5888.
184
What is the highest common divisor of 368804 and 8768?
548
What is the greatest common factor of 350389 and 13?
13
Calculate the highest common divisor of 352 and 1401466.
22
Calculate the greatest common divisor of 67664 and 16.
16
What is the greatest common divisor of 711 and 5?
1
What is the highest common factor of 6 and 262416?
6
What is the greatest common divisor of 1674069 and 2172?
543
What is the highest common divisor of 168 and 48?
24
Calculate the greatest common factor of 476 and 4942.
14
What is the highest common divisor of 946 and 25252524?
946
What is the greatest common factor of 3345 and 15164?
223
Calculate the highest common factor of 4884 and 792.
132
Calculate the greatest common factor of 9140 and 10.
10
Calculate the greatest common factor of 1803 and 6.
3
What is the highest common divisor of 168 and 1094912?
56
Calculate the highest common divisor of 265 and 32807.
53
Calculate the highest common divisor of 37806 and 36.
6
Calculate the greatest common divisor of 38110 and 4736.
74
What is the greatest common factor of 23318 and 178?
178
What is the highest common divisor of 22237 and 6697?
37
What is the greatest common factor of 117 and 8967?
3
What is the highest common factor of 1482 and 3822?
78
Calculate the greatest common divisor of 156 and 578838.
78
Calculate the highest common divisor of 54 and 2184.
6
What is the highest common factor of 477 and 30123?
9
Calculate the highest common factor of 89648 and 130.
26
What is the highest common factor of 361762 and 277?
277
What is the highest common factor of 210 and 7678335?
105
Calculate the highest common divisor of 20601 and 273.
21
What is the greatest common divisor of 30034 and 4?
2
Calculate the greatest common divisor of 1488 and 11408.
496
Calculate the highest common divisor of 799 and 1384667.
799
What is the highest common factor of 63 and 3411?
9
What is the highest common factor of 110553 and 9427?
857
What is the highest common divisor of 11920 and 3278?
298
What is the highest common factor of 614 and 1134058?
614
What is the highest common divisor of 35416 and 25080?
152
What is the highest common divisor of 3 and 109141?
1
Calculate the greatest common divisor of 6954 and 3111.
183
What is the highest common divisor of 3720 and 888?
24
What is the greatest common divisor of 153 and 70907?
17
What is the greatest common divisor of 406 and 266?
14
Calculate the highest common divisor of 292564 and 4.
4
What is the greatest common divisor of 11165 and 187?
11
Calculate the greatest common factor of 1281 and 510265.
427
What is the highest common divisor of 1653 and 96?
3
Calculate the greatest common divisor of 12647272 and 176.
88
What is the highest common divisor of 180 and 35388?
36
Calculate the greatest common factor of 7288736 and 32.
32
Calculate the greatest common divisor of 185 and 20905.
185
What is the greatest common factor of 725 and 2051315?
145
Calculate the greatest common divisor of 42 and 13811.
7
Calculate the highest common divisor of 128 and 91008.
128
Calculate the greatest common divisor of 735 and 1365.
105
What is the highest common factor of 138 and 1474185?
69
Calculate the highest common divisor of 733080 and 1230.
1230
Calculate the greatest common factor of 208197 and 891.
297
What is the highest common factor of 832 and 21424?
208
Calculate the greatest common divisor of 6971 and 46.
1
Calculate the highest common factor of 28624 and 56.
8
What is the highest common factor of 64 and 740368?
16
What is the highest common factor of 231 and 92113?
7
Calculate the highest common factor of 168 and 5256258.
42
What is the highest common divisor of 119 and 451537?
17
What is the greatest common factor of 75 and 14875?
25
Calculate the highest common factor of 14117 and 38.
19
Calculate the greatest common divisor of 822 and 10960.
274
What is the greatest common divisor of 8362 and 904?
226
What is the highest common factor of 480 and 20385?
15
What is the highest common factor of 62481 and 39471?
177
Calculate the greatest common divisor of 27168 and 80938.
566
Calculate the highest common factor of 154490 and 7.
7
Calculate the greatest common factor of 1672324 and 1088.
68
What is the highest common factor of 918 and 6570?
18
What is the highest common divisor of 20565 and 270?
45
What is the highest common divisor of 585 and 403?
13
Calculate the greatest common divisor of 385 and 7875.
35
Calculate the highest common factor of 13 and 199277.
13
What is the greatest common factor of 1323 and 586530?
441
What is the greatest common divisor of 3900276 and 612?
612
Calculate the greatest common factor of 2 and 138996.
2
Calculate the greatest common divisor of 686 and 190022.
686
What is the highest common divisor of 4734 and 279?
9
What is the highest common divisor of 9822 and 132?
6
Calculate the greatest common divisor of 366 and 381921.
183
Calculate the highest common factor of 5559 and 1020.
51
What is the highest common divisor of 6450 and 9150?
150
Calculate the greatest common divisor of 5679 and 1373687.
631
What is the highest common divisor of 27384 and 518?
14
What is the highest common divisor of 3040 and 65740?
380
Calculate the greatest common divisor of 23409 and 243.
81
What is the greatest common divisor of 612692 and 4136?
188
What is the greatest common divisor of 1900 and 31730?
190
What is the greatest common divisor of 414 and 486772?
46
Calculate the highest common divisor of 22121 and 22.
11
Calculate the highest common divisor of 20447 and 21.
7
What is the highest common factor of 64097 and 308?
11
Calculate the greatest common factor of 21 and 32053.
7
What is the greatest common factor of 5408142 and 1110?
222
Calculate the greatest common divisor of 21 and 2212973.
7
What is the greatest common divisor of 405 and 291033?
81
What is the highest common factor of 7138910 and 10?
10
Calculate the highest common divisor of 21389 and 19.
1
Calculate the highest common factor of 38075 and 427963.
1523
What is the greatest common factor of 22064 and 35?
7
Calculate the greatest common divisor of 79419 and 6072.
69
What is the greatest common factor of 60 and 171396?
12
What is the highest common divisor of 7059 and 195?
39
What is the highest common factor of 32896 and 17476?
1028
Calculate the greatest common divisor of 338 and 354562.
338
Calculate the highest common factor of 333 and 54501.
111
Calculate the highest common divisor of 950 and 9766.
38
What is the highest common divisor of 1680750 and 27?
27
What is the greatest common divisor of 1185 and 246717?
237
What is the greatest common divisor of 65830 and 10585?
145
Calculate the greatest common divisor of 30 and 4629.
3
Calculate the greatest common factor of 197 and 62449.
197
What is the highest common divisor of 51401 and 245?
49
Calculate the highest common factor of 3520 and 116992.
64
Calculate the highest common factor of 10032 and 451.
11
What is the highest common factor of 1 and 52187?
1
What is the highest common factor of 5828591 and 69?
23
What is the greatest common factor of 230373 and 99?
99
What is the highest common factor of 41056 and 256?
32
Calculate the greatest common factor of 283803 and 26.
13
What is the highest